f 15?
False
Is 28 a factor of 1456?
True
Does 193 divide 9889?
False
Is 2 a factor of 281?
False
Does 16 divide 304?
True
Is 11 a factor of 22554?
False
Is 3 a factor of 702?
True
Is 8 a factor of 752?
True
Is 8910 a multiple of 54?
True
Is 3 a factor of 2255?
False
Does 19 divide 651?
False
Is 14 a factor of 6860?
True
Does 11 divide 91?
False
Is 9 a factor of 1370?
False
Does 5 divide 212?
False
Is 28831 a multiple of 243?
False
Is 109548 a multiple of 102?
True
Does 9 divide 49358?
False
Is 10036 a multiple of 13?
True
Does 8 divide 6141?
False
Is 3979 a multiple of 45?
False
Does 49 divide 149?
False
Does 33 divide 438?
False
Does 223 divide 38495?
False
Is 3 a factor of 634?
False
Is 14 a factor of 7303?
False
Does 8 divide 3604?
False
Is 23 a factor of 20270?
False
Is 261 a factor of 19886?
False
Does 14 divide 1036?
True
Is 614 a multiple of 87?
False
Does 94 divide 309?
False
Is 882 a multiple of 9?
True
Is 27512 a multiple of 181?
True
Does 208 divide 48769?
False
Is 338 a multiple of 13?
True
Does 96 divide 18624?
True
Does 46 divide 3680?
True
Is 13107 a multiple of 17?
True
Does 54 divide 918?
True
Is 3385 a multiple of 18?
False
Does 8 divide 8672?
True
Is 53 a factor of 77526?
False
Is 52 a multiple of 4?
True
Is 24 a factor of 16912?
False
Is 22 a factor of 352?
True
Does 23 divide 713?
True
Is 115 a factor of 12084?
False
Does 3 divide 1046?
False
Does 146 divide 4361?
False
Does 30 divide 865?
False
Is 110 a multiple of 10?
True
Does 10 divide 30860?
True
Is 29483 a multiple of 188?
False
Is 1240 a multiple of 8?
True
Is 5 a factor of 11055?
True
Is 5 a factor of 60?
True
Is 4 a factor of 8?
True
Is 41 even?
False
Does 13 divide 554?
False
Is 40 a factor of 266?
False
Is 30 a multiple of 2?
True
Is 401 a factor of 44254?
False
Is 1236 a multiple of 103?
True
Is 35 a factor of 4487?
False
Does 32 divide 772?
False
Does 3 divide 27143?
False
Does 101 divide 8438?
False
Is 650 a multiple of 25?
True
Does 105 divide 6431?
False
Is 40056 a multiple of 18?
False
Is 6 a factor of 5274?
True
Does 376 divide 19176?
True
Does 15 divide 180?
True
Does 20 divide 39920?
True
Is 30 a factor of 120?
True
Is 6039 a multiple of 99?
True
Does 22 divide 4444?
True
Is 5 a factor of 350?
True
Is 5 a factor of 17055?
True
Is 7 a factor of 2618?
True
Is 97 a factor of 9506?
True
Is 75 a factor of 40275?
True
Is 29 a factor of 5916?
True
Is 2376 a multiple of 22?
True
Does 2 divide 225?
False
Is 37943 a multiple of 16?
False
Is 18 a factor of 1008?
True
Is 1487 a multiple of 18?
False
Is 153 a multiple of 9?
True
Is 46 a factor of 900?
False
Is 41 a factor of 169?
False
Is 408 a multiple of 32?
False
Is 14 a factor of 11270?
True
Does 185 divide 5431?
False
Is 55248 a multiple of 63?
False
Does 16 divide 1140?
False
Does 15 divide 8104?
False
Is 72339 a multiple of 17?
False
Does 8 divide 4217?
False
Is 4473 a multiple of 21?
True
Is 39286 a multiple of 26?
True
Is 10 a factor of 9850?
True
Is 19 a factor of 684?
True
Is 222 a multiple of 37?
True
Is 13328 a multiple of 17?
True
Is 38 a factor of 10792?
True
Is 7 a factor of 3450?
False
Is 17 a factor of 3033?
False
Is 1195 a multiple of 59?
False
Is 7 a factor of 63?
True
Does 95 divide 3515?
True
Is 50 a factor of 32100?
True
Is 140 a factor of 659?
False
Does 8 divide 837?
False
Is 39 a factor of 702?
True
Is 40 a factor of 3792?
False
Is 1428 a multiple of 14?
True
Is 888 a multiple of 24?
True
Is 1682 a multiple of 27?
False
Is 2 a factor of 26?
True
Does 46 divide 191?
False
Is 6 a factor of 6216?
True
Is 40 a multiple of 26?
False
Is 13 a factor of 6036?
False
Is 41364 a multiple of 128?
False
Is 18 a factor of 1610?
False
Does 81 divide 5913?
True
Does 9 divide 306?
True
Is 63 a factor of 13419?
True
Does 18 divide 3676?
False
Is 36 a multiple of 2?
True
Is 13184 a multiple of 206?
True
Is 10555 a multiple of 33?
False
Does 39 divide 32262?
False
Does 79 divide 1501?
True
Is 26 a factor of 4644?
False
Is 6 a factor of 502?
False
Is 6 a factor of 42573?
False
Is 23 a factor of 13547?
True
Is 123 a factor of 2829?
True
Is 3 a factor of 134?
False
Is 2242 a multiple of 10?
False
Is 126 a multiple of 9?
True
Is 12 a factor of 768?
True
Does 30 divide 1020?
True
Is 2728 a multiple of 24?
False
Is 24647 a multiple of 49?
True
Does 12 divide 15527?
False
Does 250 divide 89500?
True
Is 57105 a multiple of 243?
True
Does 11 divide 13156?
True
Does 21 divide 6592?
False
Is 43 a factor of 19307?
True
Does 18 divide 1836?
True
Is 14 a factor of 910?
True
Does 43 divide 4128?
True
Does 238 divide 31886?
False
Does 215 divide 12393?
False
Is 3432 a multiple of 42?
False
Is 3 a factor of 236?
False
Is 28696 a multiple of 192?
False
Is 48 a multiple of 15?
False
Is 12 a factor of 82502?
False
Is 1720 a multiple of 40?
True
Is 4865 a multiple of 93?
False
Is 78 a multiple of 13?
True
Is 109 a factor of 3815?
True
Is 65 a factor of 1430?
True
Is 5 a factor of 347?
False
Is 56500 a multiple of 85?
False
Does 214 divide 52386?
False
Is 15 a factor of 1605?
True
Is 388 a multiple of 2?
True
Is 7 a factor of 2705?
False
Is 45 a factor of 11485?
False
Is 29 a factor of 349?
False
Is 67 a factor of 16482?
True
Is 144 a multiple of 6?
True
Is 7104 a multiple of 222?
True
Is 5650 a multiple of 45?
False
Is 288 a multiple of 16?
True
Does 200 divide 15800?
True
Is 124 a factor of 9548?
True
Is 488 a multiple of 19?
False
Is 43964 a multiple of 12?
False
Is 244 a multiple of 9?
False
Does 71 divide 71?
True
Is 22 a factor of 15994?
True
Is 15 a factor of 112?
False
Is 832 a multiple of 64?
True
Does 31 divide 2666?
True
Does 12 divide 2088?
True
Is 1392 a multiple of 19?
False
Is 9905 a multiple of 5?
True
Is 30 a factor of 47688?
False
Is 88 a factor of 19712?
True
Is 14 a factor of 1104?
False
Does 17 divide 32049?
False
Does 15 divide 6375?
True
Is 13848 a multiple of 33?
False
Is 153 a multiple of 9?
True
Is 12 a factor of 1255?
False
Does 13 divide 7904?
True
Is 217 a multiple of 7?
True
Does 2 divide 1802?
True
Does 32 divide 2410?
False
Does 31 divide 756?
False
Is 140 a factor of 13922?
False
Is 469 a multiple of 3?
False
Is 1110 a multiple of 10?
True
Is 3486 a multiple of 6?
True
Does 36 divide 6660?
True
Is 9 a factor of 67?
False
Is 279 a multiple of 136?
False
Is 30 a factor of 66803?
False
Is 35 a factor of 23625?
True
Is 53 a factor of 7255?
False
Is 40 a factor of 1360?
True
Is 7 a factor of 163?
False
Is 22 a factor of 6446?
True
Does 7 divide 729?
False
Is 92 a factor of 4876?
True
Is 42 a factor of 28357?
False
Is 420 a multiple of 42?
True
Is 160 a multiple of 10?
True
Is 8087 even?
False
Is 15 a factor of 1935?
True
Is 38 a multiple of 4?
False
Is 121 a factor of 120522?
False
Does 13 divide 285?
False
Does 25 divide 350?
True
Is 35 a factor of 735?
True
Does 4 divide 13349?
False
Is 23 a factor of 621?
True
Is 4974 a multiple of 93?
False
Is 16 a factor of 49856?
True
Is 36 a factor of 12038?
False
Does 66 divide 21054?
True
Does 108 divide 4644?
True
Does 61 divide 651?
False
Is 29 a factor of 417?
False
Is 638 a multiple of 29?
True
Is 66282 a multiple of 121?
False
Is 136 a factor of 1185?
False
Does 13 divide 8242?
True
Does 30 divide 990?
True
Is 3820 a multiple of 76?
False
Is 7326 a multiple of 39?
False
Does 38 divide 3967?
False
Does 64 divide 1340?
False
Does 84 divide 7476?
True
Does 7 divide 413?
True
Does 21 divide 1176?
True
Is 3124 a multiple of 4?
True
Is 25527 a multiple of 31?
False
Is 18 a factor of 2556?
True
Is 193 a factor of 51756?
False
Is 48307 a multiple of 297?
False
Does 15 divide 3256?
False
Is 26667 a multiple of 190?
False
Is 38 a factor of 1881?
False
Does 308 divide 27104?
True
Does 5 divide 306?
False
Does 9 divide 6174?
True
Is 360 a multiple of 30?
True
Does 14 divide 672?
True
Is 524 a multiple of 54?
False
Is 13816 a multiple of 22?
True
Is 48284 a multiple of 8?
False
Is 13306 a multiple of 232?
False
Is 16683 a multiple of 78?
False
Is 16 a factor of 272?
True
Does 52 divide 10263?
False
Does 15 divide 4680?
True
Does 3 divide 84?
True
Does 28 divide 616?
True
Does 7 divide 378?
True
Is 33 a factor of 1965?
False
Does 5 divide 2585?
True
Is 5635 a multiple of 2?
False
Is 9 a factor of 19107?
True
Is 6 a factor of 10326?
True
Is 43 a factor of 206?
False
